z be j(7). Let d = 5 - z. What are the prime factors of (2/3)/(d/(-138))?
23
Let z = -22 + 25. Suppose -d - 207 = -z*d - 3*o, 2*d - 2*o = 202. What are the prime factors of d?
2, 3, 17
Let g(z) = -z**3 + 23*z**2 - 43*z + 41. List the prime factors of g(19).
2, 167
Suppose -23*g + 13278 + 959 = 0. List the prime factors of g.
619
Suppose 0 = -4*m + 3*a + 558, 6*a + 282 = 2*m + 3*a. What are the prime factors of m?
2, 3, 23
Suppose 5*t = 47 + 58. What are the prime factors of 1300/14 - -3*1/t?
3, 31
Let n(l) = 43*l**2 + 17*l + 5. What are the prime factors of n(6)?
5, 331
Let m be (-27)/(-30)*-2*-5. Let u be (m/(-6))/((-2)/8). Suppose -u = -4*v + 26. What are the prime factors of v?
2
Suppose 3*v - 5 = 2*s + 4*v, 0 = 4*v - 20. Let u = s + 8. Suppose o = u*o - 18. What are the prime factors of o?
3
Let f(c) be the first derivative of c**4/2 - 2*c**3/3 + 5*c**2/2 + 8. Let q(i) be the second derivative of f(i). What are the prime factors of q(3)?
2
Suppose 540 - 735 = -5*h. List the prime factors of h.
3, 13
Let c = -1461 - -4126. List the prime factors of c.
5, 13, 41
Let l(f) = 13*f**2 - 3. Let u(a) be the third derivative of -a**4/12 + 4*a**3/3 - 10*a**2. Let k be u(5). What are the prime factors of l(k)?
7
Suppose -35*x = -38*x + 1992. Suppose -51*n - x = -53*n. List the prime factors of n.
2, 83
Suppose 0 = -2*t + p + 837 - 131, 1764 = 5*t - 2*p. List the prime factors of t.
2, 11
Suppose -6*f + 5*c = -3*f - 79, -119 = -3*f - 5*c. Suppose 2*s - f = 81. What are the prime factors of s?
3, 19
Suppose 3*y = h + 1181 - 336, 825 = 3*y + 3*h. What are the prime factors of y?
2, 5, 7
What are the prime factors of (36/(-24))/(9/(-528))?
2, 11
Suppose 6*q - 4513 = 1871. List the prime factors of q.
2, 7, 19
Let r be 1/(((-1)/21)/((-3)/(-3))). What are the prime factors of r/2*2/(-3)?
7
Let q(d) = 2*d - 42. Let u be q(17). Let z(p) = -7*p + 31. List the prime factors of z(u).
3, 29
Let s(k) be the second derivative of k**3/3 - 3*k**2 + 24*k. What are the prime factors of s(9)?
2, 3
Suppose -3*t = -5*t + 4. Let p be (-4)/9 + ((-736)/(-18))/2. Suppose -a + 15 = t*u + 3, -p = -2*u + a. What are the prime factors of u?
2
Let u(z) be the second derivative of z**4/3 - z**3/3 + 3*z**2/2 - 8*z. Let n be u(-4). Let l = -34 + n. List the prime factors of l.
41
Suppose 0 = -2*s + 3*s - 2. Suppose n - 448 = -s*n + 4*c, -4*n - 4*c + 588 = 0. What are the prime factors of 4/6 - n/(-12)?
13
Let w(i) = 93*i - 1111. What are the prime factors of w(57)?
2, 5, 419
List the prime factors of (1600/6 - 4) + (-5)/(-15).
263
Let c(f) = 9*f**2 - 5*f + 16. List the prime factors of c(4).
2, 5, 7
Let t be -2 - -1 - (-12 + -3). Suppose 4*z + g - 49 = 0, -z + 0*z - 2*g + t = 0. What are the prime factors of z?
2, 3
Let l = 403 + -80. List the prime factors of l.
17, 19
Suppose 14*c + 1317 - 8051 = 0. What are the prime factors of c?
13, 37
Suppose -2*q + 40 = 196. Suppose -72 = v + 40. Let r = q - v. List the prime factors of r.
2, 17
Let v(n) = n**3 + 17*n**2 - 8*n - 7. List the prime factors of v(-8).
3, 211
List the prime factors of (2517 - -2) + (-17 - -14).
2, 17, 37
Suppose 6*i - 7*i + 4*s + 803 = 0, 0 = i + s - 778. What are the prime factors of i?
3, 29
Let j(m) = 34*m**3 + 9*m**2 - 33*m + 60. What are the prime factors of j(5)?
2, 5, 19, 23
Suppose -5*d + 15 = 5*j, 4*j - j = 15. Let h(o) = 9*o - 1. Let l be h(d). Let k = 53 - l. List the prime factors of k.
2, 3
Let p = -257 + 392. Let r = p + -98. List the prime factors of r.
37
Suppose 8 = -2*g, 0 = 2*z + 2*g + 1 - 9. Let f(q) = 2*q**2 + 16. What are the prime factors of f(z)?
2, 3
Let p(k) = -k**2 + 9*k + 12. Let g be p(10). Let q be ((-296)/12)/(g/6). Let o = -43 - q. List the prime factors of o.
31
Let m(u) = -u**2 + 10*u. Suppose 5*a = h + 102, -4*h - 6 - 24 = -2*a. Let v be 12/(-21) - (-159)/a. What are the prime factors of m(v)?
3, 7
Let b(o) = -2*o**2 + 24*o + 3. Let p(f) = -10*f**2 + 95*f + 13. Let m(r) = 9*b(r) - 2*p(r). List the prime factors of m(-21).
337
Let q = 364 - -18. List the prime factors of q.
2, 191
Let o be ((-44)/(-12) + -3)*-21. Let w = -4 - o. Let t = w - -17. List the prime factors of t.
3
Suppose 0 = -5*b + 4*q - 10, 3*b = -q - 7 + 18. Suppose b*u + 5*u = 448. List the prime factors of u.
2
Let h(n) be the first derivative of n**3/3 + n**2 + 4*n + 18. Suppose 2*f - 2 = 3*f. List the prime factors of h(f).
2
Let l be (0 - -1)*(-53)/(-1). Let a = l + -38. Let k = a + -4. What are the prime factors of k?
11
Let l = -11 + 5. Let a = l - -28. Suppose 5*o + a = -3*s + 71, 0 = -5*s + o + 35. What are the prime factors of s?
2
Suppose -590*w + 40 = -586*w. What are the prime factors of w?
2, 5
Let z = -1 - -3. Suppose 8*n - 16 = 4*n. Suppose -n*r - o = -15, -z*r - 3*o = o - 4. What are the prime factors of r?
2
Let c = -20 - -30. Let i(b) = -35*b**2 + 25*b + 7. Let l(v) = 19*v**2 - 13*v - 2. Let x(n) = -6*i(n) - 11*l(n). List the prime factors of x(c).
2, 5
Let g(f) = -8*f - 113. What are the prime factors of g(-25)?
3, 29
Let g = 98 - -148. What are the prime factors of g?
2, 3, 41
Suppose -10 = 5*a, -r + 5*r + a = 8802. What are the prime factors of r?
31, 71
Suppose -7 = t - 5*b, 3*t + 4*b = -t - 4. List the prime factors of (t/6)/((-2)/84).
2, 7
Let d = -103 - -205. Let o(i) = -i - 36. Let z be o(21). Let b = d + z. What are the prime factors of b?
3, 5
Suppose 29*i = 10*i + 46056. What are the prime factors of i?
2, 3, 101
Let z = -899 - -1739. List the prime factors of z.
2, 3, 5, 7
Suppose 0 = 2*f + 4. Let n be (8 + 1)*f/(-6). What are the prime factors of (0 - 4)/(n/(-24))?
2
Let q be (158 + -7 + 3)*-3. Let b = -276 - q. What are the prime factors of b?
2, 3, 31
Let j = -22 - 324. Suppose -20*h = 4*p - 15*h - 37, -3*p = -2*h - 22. What are the prime factors of j/(-10) - p/(-20)?
5, 7
Let s(o) = o + 10. Let p = -13 - -7. Let r be s(p). Suppose -5*c + w + 22 = -48, -2*c + 6 = r*w. List the prime factors of c.
13
Suppose 3 = 2*h - 1. Let d(a) = -h - 2*a**2 - a**3 + a**2 - 2*a + 3 - 3. List the prime factors of d(-3).
2, 11
Let m(w) = 4*w**2 - 3*w - 7. Let b = -70 + 63. List the prime factors of m(b).
2, 3, 5, 7
Suppose 0 = -10*w + 2855 + 3865. What are the prime factors of w?
2, 3, 7
Let o(f) = 2*f - 2. Let i be o(5). Let d(x) = x**3 - 6*x**2 - 12*x + 2. Let u be d(i). Suppose 3*n - u - 47 = 0. List the prime factors of n.
3
Let r(z) = 7*z + 16. Let t be r(3). Let j be (5*-1)/((-3)/(-6)). Let o = j + t. List the prime factors of o.
3
Suppose -3*y + 16 = -4*j, 5*y = 2*j - 4*j + 18. Suppose k = y*p - 47, k - 9 = -p + 4. Let b = p + -7. List the prime factors of b.
5
List the prime factors of (-2003)/(-14) + (-52)/728.
11, 13
Suppose 7*q + 2*d = 4*q + 80, 5*q = -4*d + 130. Let n = -12 + q. List the prime factors of n.
2, 3
Let n(k) = -5*k**2 - 4 - 4 + 4 + 2*k**2 + k**3 + 8*k. List the prime factors of n(5).
2, 43
Suppose -92*s = -98*s + 5910. List the prime factors of s.
5, 197
Let a = 2981 + -1800. What are the prime factors of a?
1181
Let i = 49 - -31. Suppose 5*g - w - i = -6*w, 54 = 4*g + 2*w. What are the prime factors of g?
11
Let y(t) = -23*t + 401. What are the prime factors of y(-22)?
907
Suppose c = -4*g + 66, 3*g = -0*g - 15. Suppose 2*f - c = -12. List the prime factors of f.
37
Let o be (0 - -2) + (16 - 0). Suppose -s + 9 = -0*s - 2*q, 4*q = -2*s + o. Suppose 3*v = 2*g - s - 115, -2*v = g - 62. What are the prime factors of g?
2, 31
Let l = 81 + -151. Let g be (1 + 1)*l/4. What are the prime factors of (-2)/(-5) + (-896)/g?
2, 13
Suppose 0 = -p + 4*p - 753. List the prime factors of p.
251
List the prime factors of -2 + (-22)/(-14) + (-62985)/(-357).
2, 11
Let i(h) = -206*h**3 + 303 - 302 - 3*h**2 + 2*h**2. List the prime factors of i(-1).
2, 103
Let p(i) = -3*i - 2*i**3 - 126*i**3 - 2 + 9*i**3. List the prime factors of p(-1).
2, 3, 5
Let o(h) = 77*h**2 - 2*h. Let q = 7 + -6. Let u be o(q). Let b = u + -51. List the prime factors of b.
2, 3
Suppose 80 = -5*n - m, -5*n + 17*m - 13*m = 55. Let y = -128 - -73. Let z = n - y. What are the prime factors of z?
2, 5
Suppose -4*z - 301 = 55. Let c = -16 - z. List the prime factors of c.
73
Suppose 5*m = w + 14, 5*w - m + 0 - 26 = 0. Suppose u - 17 = -w. What are the prime factors of u*4*2/8?
11
Let w be 2 - (2 + -6) - -2. What are the pri